{"id":579,"date":"2016-07-07T15:23:42","date_gmt":"2016-07-07T13:23:42","guid":{"rendered":"http:\/\/boutiqueo.net\/?page_id=579"},"modified":"2016-07-07T15:23:42","modified_gmt":"2016-07-07T13:23:42","slug":"mentions-legales","status":"publish","type":"page","link":"https:\/\/referencement-site-wordpress.websitedesign.fr\/?page_id=579","title":{"rendered":"Mentions L\u00e9gales"},"content":{"rendered":"<div class=\"entry-content\">\n<h2><strong>Directeur de la Publication&nbsp;:<\/strong><\/h2>\n<p>Madeleine Hughes<\/p>\n<h2><strong>Raison Sociale de l\u2019H\u00e9bergeur :<\/strong><\/h2>\n<p>Ce blog est h\u00e9berg\u00e9 par OVH \u2013&nbsp;2 rue Kellermann \u2013 59100 ROUBAIX \u2013 France<br \/>\nPour contacter cet h\u00e9bergeur, rendez-vous \u00e0 l\u2019adresse&nbsp;http:\/\/www.ovh.com\/fr\/support\/<\/p>\n<h2><strong>Propri\u00e9t\u00e9 intellectuelle :<\/strong><\/h2>\n<p>La structure g\u00e9n\u00e9rale ainsi que les logiciels, textes, images anim\u00e9es ou non, son savoir-faire et tous les autres \u00e9l\u00e9ments composant le site sont la propri\u00e9t\u00e9 exclusive de BOUTIQUEO .<br \/>\nLes logos et marques des soci\u00e9t\u00e9s cit\u00e9es sur le blog BOUTIQUEO (<a href=\"https:\/\/www.boutiqueo.net\/\">https:\/\/www.boutiqueo.net\/<\/a>) sont la propri\u00e9t\u00e9 exclusive de leurs auteurs respectifs.<br \/>\nToute repr\u00e9sentation, reproduction, et\/ou exploitation, qu\u2019elle(s) soi(en)t partielle(s) ou totale(s), des marques pr\u00e9cit\u00e9es est (sont) interdite(s), sauf accord \u00e9crit et pr\u00e9alable de leurs titulaires.<\/p>\n<h2><strong>Droits d\u2019auteur :<\/strong><\/h2>\n<p>Toute repr\u00e9sentation totale ou partielle de ce blog par quelle que personne que ce soit, sans l\u2019autorisation expresse de BOUTIQUEO est interdite et constituerait une contrefa\u00e7on sanctionn\u00e9e par les articles L. 335-2 et suivants du Code de la propri\u00e9t\u00e9 intellectuelle.<br \/>\nL\u2019\u00e9laboration de liens hypertextes profonds vers le blog BOUTIQUEO est interdite sans l\u2019accord expr\u00e8s et pr\u00e9alable de l\u2019\u00e9diteur du site BOUTIQUEO .<br \/>\nPar ailleurs, l\u2019utilisation des informations contenues sur le pr\u00e9sent blog rel\u00e8ve de la seule responsabilit\u00e9 de l\u2019utilisateur. Nous ne pourrions en aucun cas, et pour quelque cause que ce soit, en \u00eatre tenus pour responsables, et ce, quelque en soit les cons\u00e9quences. Nous ne sommes responsables d\u2019aucune erreur ou omission sur le pr\u00e9sent site.<\/p>\n<h2><strong>Avertissement g\u00e9n\u00e9ral :<\/strong><\/h2>\n<p>La consultation du blog BOUTIQUEO (https:\/\/www.boutiqueo.net\/) est propos\u00e9e aux internautes \u00e0 titre gratuit et sans aucune garantie de la part de son \u00e9diteur.<br \/>\nLes informations disponibles sur le blog BOUTIQUEO (https:\/\/www.boutiqueo.net\/) qui proviennent de sources ext\u00e9rieures ne saurait garantir qu\u2019elles sont exemptes d\u2019erreurs, ni garantir leur compl\u00e9tude, leur actualit\u00e9, leur exhaustivit\u00e9 ou autre.<br \/>\nEn cons\u00e9quence, il appartient \u00e0 l\u2019internaute d\u2019utiliser les informations figurant sur le site Internet \u00e0 ses risques et de proc\u00e9der \u00e0 toute v\u00e9rification sous sa responsabilit\u00e9 exclusive.<br \/>\nBOUTIQUEO (https:\/\/www.boutiqueo.net\/) ne serait \u00eatre tenu responsable de l\u2019interpr\u00e9tation faite par les internautes, quelle qu\u2019elle soit, de tous les renseignements, informations et conseils propos\u00e9s sur son blog, et des cons\u00e9quences pouvant en d\u00e9couler.<br \/>\nLes propri\u00e9taires des sites marchands, de service, sites persos, sites informatiques (etc.) consult\u00e9s \u00e0 partir du blog BOUTIQUEO (https:\/\/www.boutiqueo.net\/) sont seuls responsables du respect par eux de l\u2019ensemble des r\u00e9glementations s\u2019appliquant dans le cadre des prestations offertes aux clients finaux, et notamment, des lois et r\u00e8glements relatifs \u00e0 :<\/p>\n<ul>\n<li>La vente \u00e0 distance,<\/li>\n<li>La protection du consommateur,<\/li>\n<li>La publicit\u00e9 mensong\u00e8re ou trompeuse,<\/li>\n<li>Les prix,<\/li>\n<li>La conformit\u00e9 des produits.<\/li>\n<li>Toutes les marques cit\u00e9es sont d\u00e9pos\u00e9es par leurs propri\u00e9taires respectifs.<\/li>\n<\/ul>\n<h2><strong>Utilisation de Cookies :<\/strong><\/h2>\n<p>BOUTIQUEO (https:\/\/www.boutiqueo.net\/) vous informe qu\u2019un ou plusieurs cookies (petits fichiers textes) peuvent s\u2019installer automatiquement sur le disque dur de votre ordinateur lors de votre visite sur le blog BOUTIQUEO (https:\/\/www.boutiqueo.net\/). Ces cookies peuvent provenir des partenaires de BOUTIQUEO (https:\/\/www.boutiqueo.net\/), mais aussi des syst\u00e8mes de statistiques de BOUTIQUEO (https:\/\/www.boutiqueo.net\/) ou de tous autres services propos\u00e9s sur le blog BOUTIQUEO (https:\/\/www.boutiqueo.net\/).<br \/>\nVous avez la possibilit\u00e9 de supprimer les cookies install\u00e9s lors de votre visite sur le blog BOUTIQUEO (https:\/\/www.boutiqueo.net\/), \u00e0 l\u2019aide de la barre d\u2019outils de votre navigateur. La suppression des cookies devra intervenir une fois votre navigation sur le blog BOUTIQUEO (https:\/\/www.boutiqueo.net\/) termin\u00e9e. A d\u00e9faut, vous \u00eates inform\u00e9 du fait que l\u2019usage du blog BOUTIQUEO (https:\/\/www.boutiqueo.net\/), ainsi que les services qui y sont propos\u00e9s, pourront \u00eatre perturb\u00e9s, voire emp\u00each\u00e9s.<\/p>\n<h2><strong>Cr\u00e9dits et copyright photos&nbsp;:<\/strong><\/h2>\n<p>Les cr\u00e9dits et copyright des visuels et des photos pr\u00e9sents sur le blog BOUTIQUEO (https:\/\/www.boutiqueo.net\/) sont signal\u00e9s dans les articles lorsqu\u2019elles proviennent d\u2019un professionnel avec son accord.<\/p>\n<\/div>\n","protected":false},"excerpt":{"rendered":"<p>Directeur de la Publication&nbsp;: Madeleine Hughes Raison Sociale de l\u2019H\u00e9bergeur : Ce blog est h\u00e9berg\u00e9 par OVH \u2013&nbsp;2 rue Kellermann \u2013 59100 ROUBAIX \u2013 France Pour contacter cet h\u00e9bergeur, rendez-vous \u00e0 l\u2019adresse&nbsp;http:\/\/www.ovh.com\/fr\/support\/ Propri\u00e9t\u00e9 intellectuelle : La structure g\u00e9n\u00e9rale ainsi que les logiciels, textes, images anim\u00e9es ou non, son savoir-faire et tous les autres \u00e9l\u00e9ments composant [&hellip;]<\/p>\n","protected":false},"author":1,"featured_media":0,"parent":0,"menu_order":0,"comment_status":"closed","ping_status":"closed","template":"","meta":{"footnotes":""},"class_list":["post-579","page","type-page","status-publish","hentry"],"_links":{"self":[{"href":"https:\/\/referencement-site-wordpress.websitedesign.fr\/index.php?rest_route=\/wp\/v2\/pages\/579","targetHints":{"allow":["GET"]}}],"collection":[{"href":"https:\/\/referencement-site-wordpress.websitedesign.fr\/index.php?rest_route=\/wp\/v2\/pages"}],"about":[{"href":"https:\/\/referencement-site-wordpress.websitedesign.fr\/index.php?rest_route=\/wp\/v2\/types\/page"}],"author":[{"embeddable":true,"href":"https:\/\/referencement-site-wordpress.websitedesign.fr\/index.php?rest_route=\/wp\/v2\/users\/1"}],"replies":[{"embeddable":true,"href":"https:\/\/referencement-site-wordpress.websitedesign.fr\/index.php?rest_route=%2Fwp%2Fv2%2Fcomments&post=579"}],"version-history":[{"count":0,"href":"https:\/\/referencement-site-wordpress.websitedesign.fr\/index.php?rest_route=\/wp\/v2\/pages\/579\/revisions"}],"wp:attachment":[{"href":"https:\/\/referencement-site-wordpress.websitedesign.fr\/index.php?rest_route=%2Fwp%2Fv2%2Fmedia&parent=579"}],"curies":[{"name":"wp","href":"https:\/\/api.w.org\/{rel}","templated":true}]}}